ed by 4?
1
Suppose c = 139 + 51. Suppose -c = -5*j + 5*a, -3*a + a = 5*j - 211. What is the remainder when j is divided by 15?
11
Suppose 0 = -z + 2*p + 31, 5*z - p = 8*z - 86. What is the remainder when 48 is divided by z?
19
Let p = 30 - 26. Suppose -20 = -p*h + 3*h. Calculate the remainder when 79 is divided by h.
19
Let f(j) = 3*j**2 + 14*j - 15. Let r(n) = n**2 + 5*n - 5. Let c(d) = 3*f(d) - 8*r(d). Calculate the remainder when 49 is divided by c(3).
9
Suppose -24 = -5*h + 61. Suppose -h*j + 36 = -16*j. What is the remainder when 142 is divided by j?
34
Let r(d) = 3*d**2 + 4*d - 2. What is the remainder when 119 is divided by r(-4)?
29
Let g = 440 + -369. Suppose 17 = m - 20. Calculate the remainder when g is divided by m.
34
Suppose -o - 110 = -5*n, 16*n - 11*n - 95 = 4*o. Suppose -4*b + 4*j = -9*b + 570, 0 = -2*b + j + 228. What is the remainder when b is divided by n?
22
Let z(l) = 6*l**2 - l + 4. Let u be z(4). Suppose -118 = -3*k - 2*b, 2*k + 21 = -5*b + u. Calculate the remainder when k is divided by 14.
12
Let y(k) = -k + 5. Let h(p) be the third derivative of -p**5/60 - p**4/2 + p**3/3 + 10*p**2. What is the remainder when h(-11) is divided by y(0)?
3
Let i be (-8)/20 - (-197)/5. Suppose -u + 26 = -i. Calculate the remainder when u is divided by 22.
21
Suppose -18*f = -270 - 180. What is the remainder when f is divided by 7?
4
Suppose -144 = -3*m - m. What is the remainder when 3344/m + 2/18 is divided by 25?
18
Suppose -13*v + 3*v + 650 = 0. Suppose -2*t - 3*t = -10. Suppose 4*r - 5*p = 93, -t*p + 0*p + 108 = 5*r. Calculate the remainder when v is divided by r.
21
Suppose 5*t + 2 - 17 = 0. Suppose -w - w = 0. Suppose w = -m - 0*m + 4. Calculate the remainder when m is divided by t.
1
Suppose -4*m + 6244 + 4704 = 0. What is the remainder when m/46 + 1/2 is divided by 24?
12
Suppose -5*p = -32 + 17. Let i(g) = 9*g. Let h = -24 + 38. What is the remainder when i(p) is divided by h?
13
Let w be -1 + 1 + 8 + -2. Let l = 10 - w. Calculate the remainder when 2 + 25 + 0 - l is divided by 13.
10
Suppose 5*i - c = -270, 0 = -i + 4*i + c + 170. Let q = i - -84. What is the remainder when 231 is divided by q?
28
Let n(u) = 17*u + 85. What is the remainder when 17 is divided by n(-4)?
0
Let d(n) = -2*n - n + n**3 - 6*n + 5*n - 5*n**2 - 9. Calculate the remainder when 5 is divided by d(6).
2
Suppose -5*d + 4*d = -30. What is the remainder when 103 is divided by d?
13
Suppose 7*f = 60 - 4. Let p(q) = 8*q + 19. Let w(o) = -12*o - 28. Let u(y) = 7*p(y) + 5*w(y). Calculate the remainder when u(-9) is divided by f.
5
Let m = -788 + 843. What is the remainder when 101 is divided by m?
46
Suppose 525*j = 519*j + 162. Calculate the remainder when 186 is divided by j.
24
Suppose -60 = -2*g + k + 3*k, 0 = -2*g - k + 70. Suppose j + 5 = 2*o - 1, 0 = 4*o - 5*j. Calculate the remainder when g is divided by o.
4
Let f(l) = l + 1. Let y(q) = 20*q + 7. Let t(b) = 6*f(b) - y(b). Let n be t(-4). Let j = 91 - n. Calculate the remainder when j is divided by 19.
17
Let j = -40 - -52. Suppose s = -3*s + 328. What is the remainder when s is divided by j?
10
Let j = 25 + -18. Suppose -j*h + 2*h = -215. Let z(o) = -3*o. Calculate the remainder when h is divided by z(-5).
13
Suppose -24*c = -29*c - 200. Let k = 68 + c. Calculate the remainder when k is divided by 10.
8
Let k = 19 + -13. Let s = -38 + 44. Suppose -s = l - 22. What is the remainder when l is divided by k?
4
Let m = 163 - 125. What is the remainder when m is divided by 9?
2
Calculate the remainder when 223 is divided by 4/8*(42/(-7) + 126).
43
Let j(l) = -l + 3. Let o be j(-2). Suppose -2*u - 3*u = o, -2*i + 22 = 2*u. Calculate the remainder when 47 is divided by i.
11
Suppose -598 + 108 = -10*h. Calculate the remainder when h is divided by 9.
4
Let b be ((-6)/9)/(4/(-12)). Suppose -b = -i, 0*i + 2*i = 2*g + 18. Let r(h) = -h**3 - 5*h**2 + 14*h + 2. What is the remainder when 8 is divided by r(g)?
0
Let c = -6 + 39. Suppose -m - 2*m = -c. Let v = -62 + 103. Calculate the remainder when v is divided by m.
8
Suppose 6*w + 12 = 8*w. Suppose -5*z + w = -2*z. What is the remainder when 40 is divided by (1/z)/((-7)/(-154))?
7
Suppose 0 = -5*y + 10*y - 2*w - 153, -w - 62 = -2*y. Calculate the remainder when 131 is divided by y.
15
Let k be 6/(-7) + (-3)/21. What is the remainder when 23 is divided by 26/4*(-1 - (-2 + k))?
10
Let x = -1102 + 1266. What is the remainder when x is divided by 70?
24
Let o(c) = -c**3 + 37*c**2 - 73*c + 155. What is the remainder when 185 is divided by o(35)?
35
Suppose 162*y + 837 = 171*y. What is the remainder when y is divided by 9?
3
Let r(k) = 1 + 3*k**2 + 5*k + 2*k - 2*k**2 + 0*k. Let s be r(-8). What is the remainder when 11 is divided by (1*2)/(6/s)?
2
Let s(p) be the third derivative of p**4/6 + 2*p**3/3 + 3*p**2. Let j be s(3). Let h = j - 1. What is the remainder when 87 is divided by h?
12
Let y(l) = 2*l**2 + 30*l + 26. Calculate the remainder when y(-16) is divided by 29.
0
Let t(i) = i**2 - 18*i + 130. What is the remainder when t(14) is divided by 16?
10
Suppose -2*n = -3*p + 161, p = -0*n + 4*n + 67. Suppose -l = -2*l + 2. Let y(c) = 2*c**2 + 3*c - 1. Calculate the remainder when p is divided by y(l).
12
Suppose 20 - 2 = 9*n. Suppose -n*k = -2*q + 42, -q = 4*q - 3*k - 97. What is the remainder when 64 is divided by q?
13
Let w = -185 + 310. Suppose r - 274 = -r + 4*c, w = r + 4*c. Calculate the remainder when r is divided by 45.
43
Let b(n) = 2*n**2 + n. Let m be b(1). Let f be (m/2 - 1)*0. Calculate the remainder when 17 is divided by 0/3 + (5 - f).
2
Let u be 6 - (-3 - (2 - 4)). Suppose -2*v + u*p - 45 = 2*p, -3*v - 5*p = 80. Let i = -18 - v. Calculate the remainder when i is divided by 3.
1
Suppose 0 = -2*u + 22 + 26. Suppose -3*b = -120 - u. Suppose 59 = 5*w + 2*s, 0 = 3*w - 3*s - 111 + 63. What is the remainder when b is divided by w?
9
Calculate the remainder when 219/365 + 1244/10 is divided by 87.
38
Suppose -4*r + 5*c + 5263 = 0, -5*c = -202*r + 203*r - 1322. What is the remainder when r is divided by 22?
19
Suppose 0 = -366*q + 368*q - 86. Calculate the remainder when 514 is divided by q.
41
What is the remainder when 12*20 + -3*14/(-21) is divided by 49?
46
Suppose 56*r = 70*r - 350. What is the remainder when 82 is divided by r?
7
Suppose 0 = -7*k + 7 + 14. Suppose -28 = -k*m + 53. What is the remainder when m is divided by 2/3*42/4?
6
Let r(u) = 5*u**3 + 5*u**2 - 4*u + 3. What is the remainder when r(2) is divided by 20?
15
Let j be (-9 - 0)/(3/(-2)). Suppose -j*r + 333 = 3*r. What is the remainder when 182 is divided by r?
34
Let v(n) = -n + 8. Let i be v(10). Suppose -2*g + 6 = 4*m, 4*g = -m - 0*m + 26. Calculate the remainder when (i - -21)*(4 + -3) is divided by g.
5
Let w = 2624 + -2275. What is the remainder when w is divided by 106?
31
Let i = 144 + -244. Let y = 173 + i. What is the remainder when y is divided by 19?
16
Suppose 25 = 5*k + 5*x, -3*k + 7 + 2 = -3*x. Suppose -5*w + 3*j + 81 = 0, -4*j = -2*j + k. What is the remainder when w is divided by 4?
3
Let f(p) = 23*p - 4. Let l(c) = c**3 - 18 + 6*c**2 + c**2 + 2*c + 3*c**2 - 2*c**2. Calculate the remainder when f(3) is divided by l(-7).
14
Let c = 27 - -8. Suppose 4*p = p - 9, 0 = m - 2*p - c. Suppose 6*o - 59 = 1. What is the remainder when m is divided by o?
9
Suppose -858 = -0*f + 13*f. Calculate the remainder when 43 is divided by (3/9)/((-2)/f).
10
Suppose 0 = q - 4*s + 5 + 16, -3 = -s. Calculate the remainder when (-6)/(-36)*39*(1 - q) is divided by 18.
11
Let v be -71*(-115)/(-75) + (-4)/30. Let s = v + 163. What is the remainder when s is divided by 15?
9
Let q(r) = -r + 4. Let n(j) = -3*j + 9. Let l(f) = 3*n(f) - 7*q(f). Calculate the remainder when 30 is divided by l(-5).
3
Let i = -7 - -9. Suppose i*h = -58 + 204. Suppose -9*f + 6*f = -57. Calculate the remainder when h is divided by f.
16
Let a(k) = -2*k + 79. Calculate the remainder when a(4) is divided by 20.
11
Let o(k) = -2*k**3 - 9*k**2 - k. Let x(i) = i**3 + 3*i**2. Let r(b) = -3*o(b) - 8*x(b). Let u = -208 + 294. Calculate the remainder when u is divided by r(-2).
20
Let n be 4 + (1 + 4)*-2. Let x be n/15 + 110/25. Suppose 10 = 5*z - x*z. What is the remainder when 37 is divided by z?
7
Let j = 7 + -11. Let u be 2/10*j*